 0 = -q + 2*q + 5*r + 11. Suppose 0 = k - 5*d - 69 - 45, 4*d = -q*k + 384. What is the units digit of k?
9
Let y(r) be the third derivative of r**5/60 + r**4/2 + 5*r**3/6 + r**2. Suppose 3*m + 24 = -12. What is the units digit of y(m)?
5
Suppose 0*j + 631 = j - 4*c, 0 = 4*c. What is the tens digit of j?
3
Suppose s + 3 = 2*s. Suppose s*n - 14 - 13 = 0. What is the units digit of n + 29 + (-1 - -4)?
1
Suppose -5*v - 2*u - 2 = -0, 2*u + 2 = -2*v. Suppose -2*q - 10 = -v*q, p - 3*q = 93. What is the units digit of p?
8
Let n(r) = 7*r**3 - 18*r**2 + 91*r - 5. What is the tens digit of n(7)?
5
Let y be (-162)/(-36)*(-8)/(-6). Suppose -2*v + y*v = 212. What is the units digit of v?
3
Suppose 5*y - 16 = -0*y + 3*z, 14 = y + 3*z. Suppose s - y*s - 4 = 0. Let t(a) = -55*a + 1. What is the tens digit of t(s)?
5
Let v(n) = -n**2 + 10*n - 15. Let o be v(10). What is the units digit of (-318)/(-30) - 6/o?
1
Suppose -3*y = 5*k - 3*k + 224, 2*k = 4*y - 252. Let d = k - -256. What is the hundreds digit of d?
1
Let w = -4934 - -7574. What is the tens digit of w?
4
Suppose -14*i + 2880 = 2*i. What is the tens digit of i?
8
Let l(p) = -3*p**3 + 2*p**2 + 3*p + 2. Let q be l(-1). Suppose 0 = 2*v - q*j - 172, -2*v + 81 + 101 = -2*j. What is the units digit of v?
6
Let t = -181 + 77. Let s = -72 - t. What is the tens digit of s?
3
Let p be -3*(-7)/(21/4). Let z be (p/5)/(6/30). What is the tens digit of (283 + 1)/z*1?
7
Let q = -21 + 33. Let u = q + -10. What is the tens digit of u*7*(2 + 0)?
2
Let q = 938 + 736. What is the thousands digit of q?
1
Let i(j) = 5*j + 4. Let u = -15 + 18. Let z be i(u). Let p = z + -4. What is the units digit of p?
5
Suppose 32 = -5*q + 3*m, -2*q + m = 14 - 1. Let l(i) = i**3 + 8*i**2 + 7*i + 2. Let n be l(q). Suppose -14 = u - n*u. What is the tens digit of u?
1
Let n = -29 + 224. What is the tens digit of n?
9
Suppose -5*d - n = -3*n + 8, 3*d + 4*n - 16 = 0. Suppose -5*u + 14*u - 1386 = d. What is the hundreds digit of u?
1
Let d be (-2 - -2)*(1 - (1 - -1)). Let s = 5 - -5. Let v = d + s. What is the tens digit of v?
1
Suppose -497 = 4*t - 11*t. Suppose 2*g = -3*k + 87, 2*k + t + 27 = 3*g. What is the tens digit of g?
3
Let o = -207 + 118. Let g = 38 - o. What is the tens digit of g?
2
Suppose 0 = -27*n - 81111 + 238440. What is the tens digit of n?
2
Let v be (15/1)/(12/(-8)). Let n(y) = y**2 + 5*y + 49. What is the units digit of n(v)?
9
Suppose -3*m = -6*m + 15. Suppose -2*v + 70 = m*o, v - 154 = -4*v - 2*o. What is the units digit of v - -5 - (0 + 3)?
2
Let s = 5591 + -3591. What is the units digit of s?
0
Let h(z) = -144*z - 2. Let f = 57 + -58. What is the units digit of h(f)?
2
Suppose 0 = -2*y - 2*i + 900, -3*i - 685 + 2941 = 5*y. What is the tens digit of y?
5
Let d(y) = y**3 + 2*y**2 + 2*y. Let r be d(-2). Let l(z) = -2*z - 1. What is the units digit of l(r)?
7
Suppose -31*a + 34*a = 15. Let k(w) = 12*w**2 - 6*w - 4. What is the hundreds digit of k(a)?
2
Suppose -20 = 5*l + 10. What is the units digit of l + 7 + 31 + 1?
3
Let h(k) = 92*k + 119. What is the tens digit of h(14)?
0
Let i(h) = -4*h. Let m be i(-4). Let o = -12 + m. Suppose o*y - 57 = -1. What is the tens digit of y?
1
Let k = 21 + -31. Let b(i) = -2*i**3 - 17*i**2 - 23. What is the units digit of b(k)?
7
Suppose -3*c - 32 = -2*m, -c + 0*c - 4 = m. Let z(n) = -21*n - 16. What is the hundreds digit of z(c)?
1
Let n = 8209 + -5711. What is the tens digit of n?
9
Let h be 1/(3/36)*-1. Let l be (-2)/(-1) - (h - -12). Suppose -123 = -l*j - j. What is the units digit of j?
1
Let j = 41 + -37. Suppose 87 - 343 = -j*z. What is the tens digit of z?
6
What is the units digit of 6 + (-23390)/(-30) - (-4)/(-6)?
5
Suppose -795 = -2*q + 1135. What is the hundreds digit of q?
9
Suppose 7*x - 9*x + 1546 = 0. What is the tens digit of x?
7
Let t = 10 + 124. Let n = t + -83. Suppose 53 = 4*j - n. What is the units digit of j?
6
Let a(u) = 620*u**2 + 2. What is the hundreds digit of a(-1)?
6
Let t(r) = r**3 - 5*r**2 + 7*r - 9. Let w be t(4). Suppose 0 = 4*g - s - 712, g = -w*s + 8*s + 178. What is the hundreds digit of g?
1
Let i(u) be the third derivative of 0*u + 0 - 6*u**2 - 2/3*u**3 - 1/20*u**5 + 1/120*u**6 - 1/4*u**4. What is the tens digit of i(5)?
1
Let m(c) = c**3 + 7*c**2 + 4*c - 6. Let r be 6/(-18) + 34/(-6). Let k be m(r). Suppose 5*z + k = 66. What is the units digit of z?
2
Suppose 3*i + 4*q + 8 = 0, 0*i - 30 = -5*i + 2*q. Let n be 1 - (1236/i)/(-3). What is the units digit of (22/(-8))/((-13)/n)?
2
Let q = 76 - 65. What is the tens digit of q?
1
Let h be (-73)/(-4 + 5)*-1. Let b = h - 36. What is the tens digit of b?
3
What is the units digit of ((-42)/(-5))/(12/330)?
1
Suppose 11*t - 9661 = -113. What is the tens digit of t?
6
Suppose 754 = 2*i + 2*t, 3*i + t = 2*t + 1131. Suppose -5*o + 3*x = -i, 5*o + 17 = 5*x + 402. What is the tens digit of o?
7
Suppose -50 = -7*m - 1. Suppose m*t - 1482 = t. What is the hundreds digit of t?
2
Suppose 0 = -4*b - 3*o + 594, -o = 5*b - 5*o - 758. What is the hundreds digit of ((-42)/18 + 3)*b?
1
Let l(s) be the second derivative of -3/2*s**3 - 9*s + 0 - 7/2*s**2. What is the units digit of l(-6)?
7
Suppose 5*v = -4*o + 6922 - 1890, 4*o - 12 = 0. What is the units digit of v?
4
Suppose 9 = 3*b, 40*d - 5*b - 3579 = 38*d. What is the units digit of d?
7
Let h(s) be the second derivative of 16*s**5/5 - s**3/6 - 12*s. Let n be h(1). Let a = n + -44. What is the units digit of a?
9
Let q(x) = -5*x**3 + 3*x**3 - 7*x**2 + 7 + x**2 - 2 - 2*x. What is the tens digit of q(-4)?
4
Suppose -21 + 0 = -5*y + 2*f, -5*y = 5*f. Suppose -5*m = -3*b + 745, 4*m = y*m + 1. What is the tens digit of b/12 + 4/24?
2
Suppose -q + 6*q - 20 = 0. Let k be ((-38)/(-57))/(q/18). Suppose -21 = -4*g + k. What is the units digit of g?
6
Let t(q) = q**3 - 7*q**2 - 11*q + 12. Let w be t(8). Let g(j) = j**3 + 12*j**2 - 2*j - 2. What is the tens digit of g(w)?
2
Let f be (-28)/(-6) + (-5)/(-15). Suppose -2*l + 20 = 2*u - 40, -u + 42 = -f*l. Suppose -8 = -m + 5*v, -5*m + 172 - u = -5*v. What is the units digit of m?
3
Suppose -27*c + 3976 = 1438. What is the tens digit of c?
9
Let h(j) = -120*j**2 - 2*j - j + 121*j**2 - 7. What is the units digit of h(-7)?
3
Let f(t) = -t**3 + 24*t**2 - 18*t + 8. Let p be f(23). Suppose -5*z + 4*v = -615, -z + 2*z - 4*v = p. What is the tens digit of z?
2
Let i = -16 + 3191. What is the hundreds digit of i?
1
Let c = -8 - -9. Suppose -26 = -5*n - 4*r, 0 = n - 0*r + 2*r - 10. What is the units digit of 1/n*62*c?
1
Suppose -r + 11 = 8. Suppose -2*h - h - 3*z = -342, -z + r = 0. What is the tens digit of h?
1
Let a = 17 + -28. Suppose -3*r + 2*f = -25, f - 3*f + 41 = 3*r. Let t = r - a. What is the units digit of t?
2
Suppose -11685 = -5*s - 5*t, -4*s + 0*t + 9352 = 3*t. What is the tens digit of s?
4
Suppose 10*c - 5*s = 8*c + 605, 0 = 2*s + 6. What is the units digit of c?
5
Let y(a) be the first derivative of -a**3/3 + 3*a**2/2 + 61*a + 5. Suppose -6*c + 9*c = 0. What is the tens digit of y(c)?
6
What is the hundreds digit of (-2 + -9)*-35 + 3 + -9?
3
What is the tens digit of 6/(27/(-255)*7/(-21))?
7
Suppose u - 2*u + 2 = 0. Suppose 2*l + h = -2*h + 5, 7 = u*l + h. Suppose 5*x = 2*z - 31, l*x = 3*z - x - 34. What is the units digit of z?
3
Let q = 23 + -74. Suppose -10*o + 12*o - 204 = 0. Let u = q + o. What is the tens digit of u?
5
Suppose 0 = -2*k - k - 39. Let h = k + 12. Let g = h + 37. What is the units digit of g?
6
Suppose -18*s + 16*s + 4 = 0. Suppose 2*l + s*l = 780. What is the tens digit of l?
9
Suppose 4*s = -4*b + 3439 - 1167, 2*s - 4*b - 1160 = 0. Let x = s - 266. What is the units digit of x?
6
Let s(n) = n**2 + 5*n + 7. Let r(t) = -4*t**2 - 21*t - 27. Let d(f) = 2*r(f) + 9*s(f). What is the tens digit of d(-6)?
2
Suppose 564 = -5*b + 2*b. Let m = b - -289. Suppose -4*r + 3*z + 117 = -m, 2*r - 106 = 3*z. What is the units digit of r?
6
What is the thousands digit of (-7)/(-126) - (-368865)/162?
2
Let f be 66/18 + (-1)/(-3). Suppose -f*a + 5*t - 2 = 0, 0*a - t = -a. Suppose -a*h + p + 85 = 0, 0*h - 2*p - 130 = -3*h. What is the units digit of h?
0
Let b(n) = n + 14. Let m be b(-9). Suppose 3*i - 1 = -s, s - i = 6*s - m. What is the units digit of s?
1
What is the tens digit of (7/21)/((-7)/(-6090))?
9
Suppose -32 = -